 i be ((-2)/(-2))/(2/8). Suppose b = r, 4*b = 3*b + 2*r - i. Suppose 2*l - 3*s = -2*l - b, -l + 4*s = 14. What is the units digit of l?
2
Suppose -4 = i, -16 = -5*v + 5*i + 14. Let b(p) = p**2 - p - 5. Let y be b(3). Suppose y - 15 = -v*x. What is the units digit of x?
7
Suppose -10*h = -5*h - 165. What is the tens digit of h?
3
Suppose -4 + 6 = s. Suppose 2*l + 1 = -9, 11 = s*k + 5*l. What is the units digit of k?
8
Let f be (1/(-2))/(1/6). Let v(w) = 2*w**2 + 3*w - 3. Let t be v(f). Suppose -2*k + 3*z = -14, 0 = 3*k + 4*z + 19 - t. What is the units digit of k?
1
Suppose 0 = w - 35 - 5. What is the units digit of w?
0
Suppose 0 = o, -2*o + 844 = 5*w + 229. What is the hundreds digit of w?
1
Let k be 30/(-4)*(-4)/6. Suppose p + 20 = 4*m, 0*p - p + 25 = k*m. Suppose 2*h = -r + 5*h + 17, -m*r + 37 = h. What is the units digit of r?
8
Let p = -38 + 111. What is the units digit of p?
3
Let n = 26 + -37. Let f be 2/(16/10 - 2). Let t = f - n. What is the units digit of t?
6
What is the units digit of -3 + (3/(-1) - -75)?
9
Let x(h) = 2*h**2 - 4*h + 1. Suppose 5*y - 4*w - 35 = 0, 3*y = -2*y + 2*w + 45. Let d = y + -8. What is the units digit of x(d)?
7
Let j = -13 - -17. Suppose -j*h = 3*a - 54, -4 - 4 = 4*a. What is the tens digit of h?
1
Let m(s) = 29*s - 8. What is the units digit of m(5)?
7
What is the units digit of 2/(-6)*-9 + 73?
6
Let u = -12 - -38. Suppose 2 = m - u. What is the tens digit of m?
2
Suppose 2*y + y - 9 = 0. Suppose 4*k = k - y*q + 24, 5*k - 28 = -q. What is the units digit of k?
5
Let f be (0 - -10)*2/5. Suppose c - 15 = -f. What is the tens digit of c?
1
Let z be 12 + 1/(-1) + 2. Let j = 0 - 1. What is the units digit of j*2 + z + -2?
9
Let q(v) = -6*v**3 - v**2 + v + 1. Let c be -1 - 0 - 0/1. Let m be q(c). Suppose m*x - 13 = 2. What is the units digit of x?
3
What is the tens digit of (-2)/((-8)/(-108))*-1?
2
Let r = 78 - 44. What is the tens digit of r?
3
Suppose k - 4*h - 30 = 0, 2*k - 55 = -h - 4. Suppose 4*v + 5*r = 37, -v - k = -3*v - 4*r. Suppose -t = -v*t + 12. What is the units digit of t?
6
Let l(k) = -5*k**2 + 5*k**2 - k**2 + 1 + 5*k. Let w = -5 + 9. What is the units digit of l(w)?
5
What is the hundreds digit of 3/2*940/10?
1
Let c(y) = -10*y - 1. Let j be c(-3). Let h = j + 21. Suppose 2*w - 1 = -0*w + 3*t, -5*w = 2*t - h. What is the units digit of w?
8
Let n = -18 - -56. What is the tens digit of n?
3
Let w(s) = 8*s**2 - 1 - 2*s**2 + 0. Let r be w(-1). Suppose 3 = -r*d + 6*d. What is the units digit of d?
3
Let b(n) be the second derivative of -2*n**3/3 + n**2/2 - 3*n. What is the units digit of b(-1)?
5
Let r(q) = 36*q. Let s be r(1). Let d = s - -11. What is the units digit of d?
7
Let w be ((-4)/12)/(1/3). Let r be (w + -5)*3/(-6). What is the tens digit of r + -1 - (3 - 12)?
1
Let u(x) = x**2 - 20*x + 10. What is the hundreds digit of u(29)?
2
Suppose 6*q - 2622 = -624. What is the hundreds digit of q?
3
Let n = -41 - -105. What is the tens digit of n?
6
Let b(a) = 7*a**2 - a + 6. What is the tens digit of b(-3)?
7
Suppose 0 = 4*y - 2 - 2. Let m be 33/(-6)*2 - y. What is the units digit of (2*2)/((-3)/m)?
6
Let s(j) = -6*j - 2. Let g(n) = n + 1. Let z(y) = -3*g(y) - s(y). Suppose 4*k = 2*l + 4, 3*l + 4*k = 7*l. What is the units digit of z(l)?
5
Suppose 2*s = -4*r, -4*s - 5 = 5*r - 11. Suppose -4 = s*o - 16. What is the units digit of o?
3
Let c be 2/7 + (-145)/(-7). Suppose c = 3*i + 5*m - 36, -51 = -2*i + m. Suppose -3*n = t - 39, i = 2*n - n + 4*t. What is the units digit of n?
2
Let y(z) = -z**2 + 8*z - 6. Let u be y(8). Let s(o) = 2*o**2 + 9*o + 7. What is the tens digit of s(u)?
2
Let u = 14 - 10. Suppose 2*z = u*z - 6. Suppose 2*h - 15 = -z*h. What is the units digit of h?
3
Let u be 1 - (0 - 0)*1. Suppose g - u = 1. Suppose -k - 1 = -g. What is the units digit of k?
1
Let p(b) = -3*b - 1. Let i be p(-1). Suppose 3*j - 170 = i*m, j + 3*j - 220 = -4*m. What is the units digit of j?
6
Suppose -231 = -3*o - 48. What is the units digit of o?
1
Let g = -3 + 4. What is the tens digit of 184/12 + g/(-3)?
1
Suppose -2*o = -4*o + 8. Suppose o*m + 12 = 0, -4*m + 11 - 2 = -3*n. Let r = 9 + n. What is the units digit of r?
2
Let x(w) = -w**3 - w**2 + 2*w + 2. Let z be x(-2). Suppose 5*j + 10 = -2*m, 6*j + 41 = 5*m + z*j. Let i = m - 0. What is the units digit of i?
5
Let k = 21 - 16. Suppose r = 3*s + k, -10 = -6*s + s. What is the tens digit of r?
1
Suppose -2*u - 5*r + 15 = 0, 0*u - u = -r - 4. Suppose -u*h = -4*f + 19, -2*f - 2*h + h - 1 = 0. Let j = 9 + f. What is the units digit of j?
0
Suppose -3*b + 3 = -2*q, -b - 5 = -5*q + 4*b. What is the units digit of q?
6
Let d = 16 - 9. Let b = d + -6. What is the units digit of b?
1
Let l(w) = -w - 24. Let q be l(0). Let b = q - -34. What is the units digit of b?
0
Suppose 4*a - 35 = -5*k, 4*k - 33 = -5*a + 13. What is the units digit of a?
0
Let n be (-4)/(4/3) + 12. Suppose 3*o - 3*a + n = 0, -4*a + 6 = 5*o + 21. Let p = -1 - o. What is the units digit of p?
2
Let v(b) = -b**3 - 3*b**2 - b + 1. Let l be v(-3). Suppose -l*a = -12 + 4. Suppose -7*w + 5 = -a*w. What is the units digit of w?
1
Suppose -18 = -b + 3*i, 22 = 4*b - i - i. Suppose 51 = 4*a + 5*k, b*a + 2*k = -k + 42. What is the units digit of a?
9
Let j(z) = -z**2 - 7*z - 12. Let i(m) = -m**2 - 7*m - 13. Let b(p) = -5*i(p) + 6*j(p). What is the units digit of b(-5)?
3
Suppose 5*n = -2*k + 5*k - 38, 3*n = -5*k + 18. What is the units digit of -2*3/k*-2?
2
Let a = -11 + 9. Let h = a - -3. What is the units digit of h?
1
Let n(h) = h + 82. What is the units digit of n(0)?
2
Suppose 5*m - y - 2 = 6, 0 = 4*m - 4*y. What is the tens digit of (3 - 3) + m + 19?
2
Let s = -1 - 0. What is the units digit of s/((-24)/(-9) + -3)?
3
Suppose -5*q - 35 = -0*q. Let z be 2/9 - (-230)/18. Let w = q + z. What is the units digit of w?
6
Suppose -6*y + 36 = -5*y. Suppose 2*l = y - 6. What is the units digit of (-3)/(-6)*(l - 1)?
7
What is the units digit of (-186)/(-1)*(-3)/(-6)?
3
Let x(n) = -2*n**3 - 6*n**2 + 7*n - 4. Let d be x(-6). What is the units digit of d/25 + 2/10?
7
Let p = -3 - -5. Suppose 2*c = -p*t - 6, 5*t - 23 = 4*c - 56. What is the units digit of (1 - c)*-2 + 2?
4
Let s(f) = -3*f - f**2 + 2*f + 2*f**2. Suppose -3*h = -9 + 3. What is the units digit of s(h)?
2
Let u = -17 - -40. Let s = 47 - u. What is the units digit of (10/6)/(8/s)?
5
Let l = 25 + -20. Suppose -l*v + 2*v = -156. What is the tens digit of v?
5
Suppose -2*i = -i + 4*x - 52, -3*x = 4*i - 169. What is the tens digit of i?
4
Let d(h) = -3*h. What is the units digit of d(-7)?
1
Suppose -13 = -x - 0. Let j = 6 + x. What is the tens digit of j?
1
Let g be ((-3)/2)/((-9)/60). Suppose -d - d - g = -2*y, 4*y - 2*d - 12 = 0. Let b = y + 9. What is the units digit of b?
0
Let m = 6 + -7. What is the units digit of 2 + m - (4 - 15)?
2
Suppose -r - 2058 = -8*r. What is the hundreds digit of r?
2
Let i(p) = 2 + 7*p - 2 - 1. Let t be (-17 - -16)/(2/(-6)). What is the units digit of i(t)?
0
Suppose 2*y = 4*y - 122. Let l = -30 + y. What is the units digit of l?
1
Let m(g) = -g**3 - 3*g**2 - g - 1. Let b be m(-3). Suppose -b*s - 2*a = 2*s + 14, 0 = -s - a - 6. What is the units digit of 6*(16/(-6))/s?
6
Suppose -150 = -6*b + b. What is the units digit of b?
0
Let z = 998 - 696. What is the hundreds digit of z?
3
Suppose -32 = -l + 62. What is the tens digit of l?
9
What is the tens digit of (-1)/(-2)*6/(-4)*-24?
1
Let l be (1 + 3)/((-2)/(-8)). What is the tens digit of 2/8 - (-524)/l?
3
Suppose 0*h + 3*h - 5*d = 28, -2*h + 5*d = -22. What is the tens digit of h*12/(-21)*-7?
2
Let g(r) = -2*r - 3 + 2*r - r. Let z be g(-3). Suppose -3*o + 6 = -z. What is the units digit of o?
2
Suppose 4*v + 204 = 5*h - 631, 2*v - 694 = -4*h. What is the units digit of h?
1
Let f = -27 - -112. Let t = f - 50. What is the tens digit of t?
3
Let h be (276/(-16))/(4/16). Let g = 104 + h. What is the tens digit of g?
3
Let v(i) = 4*i - 23 + 3*i + 12*i + i - i**2. What is the tens digit of v(16)?
4
Let n = 6 - 1. Suppose 4*a - u = 20, -2*a + n*u - 8 = -0*u. Let r = a - 2. What is the units digit of r?
4
Suppose -40 = -5*v - 4*o, o + 3 = -v + 3*v. Suppose -1 = v*q + 3*y - 48, 0 = -3*q - 2*y + 36. What is the tens digit of q?
1
Suppose 5*h + 2*o - 10 = 0, h - 4*o + 0*o - 2 